25
What is 0 - 3 - (-286 + 281)?
2
Evaluate -137 + 159 - (-1 + 22).
1
What is 10 + -3 + (13 - 15) + 6?
11
Evaluate 7 - ((3 - (-4 + 8)) + 5).
3
Calculate 2 - (7 + 3 + -2 + -18).
12
What is -4 + 9 + -7 + -5?
-7
What is the value of 38 + (-56 - (-33 + -4))?
19
What is (60 - 60) + 2 + (-1 - -2)?
3
12 - (1 - 2 - (7 + 6 + -8))
18
(13 + -28 - -21) + 5 + 3
14
Evaluate -3 + (10 - 15) + 22 + 13.
27
What is -49 + (-27 - -64) - -29?
17
Evaluate 11 - (-10 + 31 - (4 + -8)).
-14
Calculate -8 - (-155 + 147 + 0 + 13).
-13
(27 - (20 - -2)) + (1 - 5) - -18
19
Evaluate (11 - 0) + -8 + 4 + -7 + 4.
4
What is -1 + -16 - (-214 + 213)?
-16
(0 - (-10 + -4 + 6)) + (-2 - -4)
10
(-5 - -6) + (26 - 32) + (1 - -3)
-1
What is 20 + -13 + -6 + 3?
4
Evaluate -11 + 16 + -12 + 15 - 11.
-3
Calculate 2 + (0 - (-3 - (-7 + -2))) - -3.
-1
-9 - (-40 + 10 + (8 - 6 - 4))
23
Evaluate 19 + (3 - 11) - (8 + 10).
-7
What is -2 + -1 + (-2 - 5 - -4) + -3?
-9
Evaluate -13 + (10 - 25) - (12 + -16).
-24
What is -20 - (-18 - 3) - (-2 - 8)?
11
What is the value of 2 + (4 + -6 - (-1 + -9))?
10
Evaluate -621 - -614 - (-12 - (1 - 0)).
6
Evaluate -2 + -2 - (-211 + 188).
19
Evaluate 49 - (24 - -11 - 17).
31
What is (-1047 - -1063) + -1 + -32?
-17
Evaluate 9 - (-35 + 17 + 2) - (1 + -5).
29
Calculate -10 - (6 - 20) - (0 - 1).
5
Calculate 1 + -16 + 0 + 16.
1
Calculate (-6 - (-13 + (-5 - -4) - 1)) + 4.
13
Calculate -6 - 15 - ((7 - 18) + 4).
-14
(1 - (-8 - -11 - 11)) + (-14 - 0)
-5
Calculate 4 + (4 + 2 - (6 + 2)).
2
Calculate 11 + -3 + -4 - -4.
8
Evaluate -1 + 45 - (166 - 152).
30
Evaluate 12 + (0 - -13 - -1) + -2.
24
What is the value of (20 - 7) + -11 + (1 - (1 + -1))?
3
Calculate 7 - -1 - (45 - (26 - -10)).
-1
Calculate -8 + (-25 - -1) + 15.
-17
What is the value of 1 - (1 + 2) - 11 - -1?
-12
Calculate -21 + (-6 - (1 - 5)) + 8 + 6.
-9
What is the value of -9 + 4 + -13 + (9 + -12 - -9)?
-12
49 - (0 + 10 - -13)
26
23 + (-24 - (33 + -12))
-22
Evaluate (-31 - -21) + 2 + 1.
-7
Calculate 31 + (-25 + 12 - 4).
14
What is the value of -13 + (37 - 3) - 23?
-2
Calculate ((4 - 1) + -3 - 15) + (4 - 0).
-11
Calculate (39 - 39) + (-2 - 1) + 16.
13
What is the value of (-27 - (1 - 35)) + (0 - (-5 + -2))?
14
What is 13 + (-26 - (-13 - -13))?
-13
What is 0 + (12 - (12 - 11))?
11
Calculate (5 - 1) + 3 + -1 + 6.
12
What is the value of -9 - (-17 - 14) - 10?
12
What is the value of 7 + 7 + -1 + -3 - 18?
-8
Calculate 6 + 47 + -63 + 1 + 41.
32
Calculate (-9 - 0) + (15 - (-30 - -38)).
-2
What is -2 - ((-8 + 3 - -10) + -2)?
-5
1 + 7 + -5 + -1 + -14
-12
-7 + (-12 - (-5 + -19 - -4))
1
Evaluate (2 - -1 - (20 + -22)) + -10.
-5
Evaluate 0 + -12 + (16 - -3) - (-3 - 0).
10
What is -5 - 8 - (9 + -22)?
0
Calculate (53 - 53) + -14 + 2.
-12
Calculate 15 - (35 + 5) - -54.
29
Evaluate 14 + 5 + -1 + -4 - 5.
9
What is -10 - (6 - 11) - (2 - 0 - -1)?
-8
What is -18 + 0 - ((1 - (-7 + 3)) + -12)?
-11
-48 + 39 - (-11 + 3)
-1
What is the value of (28 - 28) + 5 - 39?
-34
Calculate (4 + (-9 - -4) - (-2 + 2)) + 2.
1
What is 1 + -2 + -8 + (1 - -16) + -6?
2
-3 + 12 + (-26 - ((14 - 30) + 13))
-14
What is (-30 - 8) + 13 - -20?
-5
What is the value of (2 - 1) + -2 + 8 + -9?
-2
What is -21 + -17 + 24 + 24?
10
Calculate -2 - (13 - (20 + -2) - (-22 - -2)).
-17
Evaluate 1 - -6 - (-206 + 197) - (-1 - -7).
10
What is the value of -31 + 20 + 7 + 3 + 0?
-1
What is -2 - -2 - (36 + -30) - -7?
1
What is the value of 10 - 30 - (-7 + -31)?
18
(-226 - -214) + (0 - -4) + 0
-8
Calculate (-7 + 5 - -5) + -17.
-14
What is the value of 71 + -84 + (-1 - -20)?
6
Evaluate -7 + (-3 - -7) + -3 + 1 + 4.
-1
(-1 - -7) + 175 + -170
11
What is the value of (-34 - 14) + 16 - -14?
-18
What is -10 + (-2 - (7 - 14 - -2))?
-7
Calculate (15 - (1 - 2)) + (-2598 - -2561).
-21
What is -2 + 8 + 2 - 12?
-4
What is -33 - 14 - (-6 - 16)?
-25
What is 45 - (17 - -13 - 16)?
31
What is the value of -7 - -20 - (-10 - -15)?
8
-1 - ((-3 + 1 - -8) + (-18 - 6))
17
-2 + -6 - (4 + 6 - 11 - 3)
-4
Calculate -4957 + 4944 + (1 - (1 + -5) - 0).
-8
(0 - 15) + 13 + -23 - -7
-18
Calculate (18 - (-8 - -29)) + 5.
2
What is the value of -7 - (16 + (-16 - 1) - (0 - -3))?
-3
What is the value of 16 - 23 - (-2 - (4 + -3)) - -24?
20
Evaluate (1 - -6) + -20 + 0 + -409 + 407.
-15
Calculate 34 + -51 + (1 - 0).
-16
What is 18 + 19 + (24 - 62)?
-1
What is -16 - -8 - -5 - (3 - 10)?
4
What is the value of (191 - 185) + (-1 - (3 - 7)) - -2?
11
Evaluate 10 + (11 - (-1 + -6 + 25)).
3
Calculate 14 + -12 + 5 + -11.
-4
What is 11 + (1 + 3 - 6 - 3) - -6?
12
What is the value of 36 + (-70 - 26) + 27?
-33
Calculate 3 + -1 + 16 + (0 - 15).
3
Evaluate 2 - ((3 - (0 + 3)) + (-1 - 1)).
4
19 - (37 - (22 - 4))
0
Calculate -18 + 0 + 25 - -5 - (12 - 2).
2
Evaluate -9 - (-36 + (-1 - 1) - (-29 - -22)).
22
(4 - 3) + 13 + -12 + 15 + 3
20
((2 - 6) + 16 - (0 - -6)) + -4
2
What is the value of (-16 - 1) + -106 + 12 + 75?
-36
What is the value of -19 - -22 - (-5 + 6)?
2
Evaluate -8 + 101 + -95 + (1 - 2) + 27.
24
Evaluate 13 - (19 + 8 + -7).
-7
-10 + (25 + -10 - 0) + -10
-5
What is 25 + (-21 - -6) + 6 + -1?
15
What is 9 - (0 - (-6 - -8))?
11
Evaluate 2 - 1 - (11 - (5 - (-8 + 9))).
-6
-2 - (3 - 11 - 6)
12
What is the value of -31 + 2 + (7 - 1 - 0) + 1?
-22
What is -13 + 7 + -6 + 21?
9
What is -5 + -17 - (-13 + 1)?
-10
Evaluate -16 - (-18 + 5) - -7.
4
1 + (2 - (0 + 5 - -2)) + -3
-7
Calculate 1 + (-11 - -1) + (-243 - -229).
-23
What is the value of (10 - (-1 - -1 - (3 - 10))) + 15?
18
Evaluate 1 - 1 - (3 + (-13 - -4) + 7).
-1
Calculate -11 + 6 + -6 - -9.
-2
Calculate 9 + -7 + 9 + -6 - (4 + -2).
3
Calculate (32 - 6 - 22) + -9.
-5
18 - (-12 - -23) - 1
6
What is the value of -3 + (2 + 0 + 0 - 3) + -2?
-6
Calculate 3 + -6 - (-3 - (4 - 1)).
3
Evaluate (16 - 58) + (25 - 1).
-18
Evaluate -18 - (31 - 37 - 28).
16
Calculate 10 + (3 - 6) + 14 + -4.
17
What is the value of -8 + 12 + -17 + 12 + 1?
0
What is the value of 3 + (0 + -43 - -5 - (38 - 47))?
-26
What is the value of (8 - 0 - (19 + -8 + -3)) + 15?
15
Calculate (-3 - -14) + (-2 - 20).
-11
Evaluate (0 - 3 - (731 - 737)) + (0 - 1).
2
What is (133 - 99) + (4 - (-3 + 24))?
17
What is -13 - (-3 + 15 + -37) - 12?
0
Evaluate -3 + 29 + (1 + 9 + -10 - -1).
27
What is -14 - (-25 + -3 + 7)?
7
What is (-7 + 7 - (-1 + 6)) + 19?
14
What is -3 + 8 + (3 - (8 - -15) - 4)?
-19
Calculate -776 + 773 - (1 - (14 + 2)).
12
What is the value of 9 - (3 - 4 - (-7 - 0)) - -6?
9
-26 + 16 - 0 - -21
11
What is -1 + 2 + -1 + 1?
1
(-73 - -68) + 1 + 3
-1
What is 23 - (-21 - -18 - -5)?
21
Evaluate -3 + (-5 - ((-2 - -1) + -5)) - -3.
1
Calculate (-9 - -9 - -15) + -5.
10
Calculate -11 + 6 - ((-5 - 1) + 6).
-5
3 - -1 - (-97 + 103)
-2
Evaluate 30 + (-13 - 25 - -23).
15
9 - (17 - 23 - (-4 - 1) - -2)
8
11 - (28 + (16 - 13))
-20
What is the value of (-10 - (6 + -16)) + (-9 - -4)?
-5
What is (-152 - -137) + -2 + 3 + 2 + 1?
-11
Calculate -1378 + 1384 + (-1 - 0 - (5 + -2)).
2
11 + -25 + -14 - -32
4
0 + -2 - (5 + -11) - (125 - 131)
10
-19 - -2 - ((3 - 8 - -4) + -2)
-14
What is the value of (-8 + -1 - (-89 - -81) - 0) + 34?
33
What is 5 + (0 + -2 - 13)?
-10
Calculate 9 + 7 - (13 + 10).
-7
What is the value of -24 - -21 - (6 + 1)?
-10
(23 + -24 - 20) + 8 + 1
-12
What is -1 + -2 - (18 - (29 - 19))?
-11
(1124 - 1129) + 12 + 1
8
Calculate -19 - -15 - (8 + (10 - 13)).
-9
(63 - 45) + -16 - (1 + -17)
18
Evaluate (-1 - ((0 - 1) + -1)) + 3 + -5.
-1
What is the value of 3 - (8 - (-19 - 0 - -15))?
-9
What is the value of 14 + 0 + -4 + 9 + (9 - 17)?
11
Evaluate 9 + -2 + (-1 - 0) + 495 + -492.
9
What is the value of -9 + (-5 - (3 + 2 - 2) - 0)?
-17
Evaluate 9 + (-145 - -147) + (5 - -1).
17
What is 2 - (-1 + 3 + -3 + 9)?
-6
Evaluate 7 - (4 - -7 - 8).
4
Calculate 16 - (-18 + (11 - 2 - 9 - -9)).
25
What is the value of (21 - 8) + -23 + (6 - -1)?
-3
What is 50 - ((-3 - 38) + 65)?
26
What is 4 - -4 - ((3 - -6) + 1 - -7)?
-9
What is (6 - 10) + 19 + -4?
11
What is (9 - (-9 - (-38 + 23))) + (0 - 5)?
-2
18 + 17 + -20 + -4
11
Evaluate -1 - 17 - (-30 - -25 - -9).
-22
What is the value of (0 - 1) + (7 - 11) + 6 + 12?
13
What is the value of 23 + (1 - (4 - -18))?
2
Calculate 6 + -10 + 2 + 0 + 5 + 10.
13
Calculate -27 + 87 + -4 + -25.
31
6 + (-10 + 2 - (12 - 6))
-8
What is 5 + (8 - -15 - 11) + -12?
5
(-4 - 20) + (52 - 34)
-6
Calculate 4 - (7 + 3 + 4 + -13).
3
Evaluate (-1 - 1) + -9 - -